6.
22
Suppose -116*x + 101*x = -13950. Let b = x - 922. Calculate the greatest common divisor of 296 and b.
8
Let l(v) = -v**3 + 4*v**2 + 1. Let o be l(3). Suppose 115 = 93*r - 350. Calculate the highest common factor of r and o.
5
Suppose -5*h + 4 = -16. Suppose -h*b = -27 - 1. Suppose q = -b*q + 1224. What is the greatest common divisor of 17 and q?
17
Let s be (2/4 - 102/102)/((-1)/26940). Calculate the highest common factor of s and 30.
30
Suppose 0 = 136*a - 141*a - 4*s + 187, 0 = a - 5*s - 20. Calculate the greatest common factor of 735 and a.
35
Let g = 9489 - 6967. Calculate the highest common divisor of g and 2328.
194
Suppose -l - n + 1 = l, l - 4*n = -22. Let g be ((-1876)/8)/(1/l). Calculate the highest common divisor of g and 67.
67
Let i = 9773 + -9755. Calculate the highest common divisor of 837 and i.
9
Suppose -s = 2*s - 240. Let j be -14 - 931/(-14) - (-1)/2. Suppose 4*p = -5*q - 22 + 77, q - j = -5*p. Calculate the highest common divisor of s and p.
10
Let u(i) = -78*i + 21*i - 16 + 71 - 21*i**2 - 8*i**2 + i**3. Let t be u(31). What is the highest common divisor of 28 and t?
14
Suppose 3*u = -8*u - 22. Let k = u - -101. What is the greatest common factor of k and 11?
11
Let j be 63/(-12)*380/(-19). What is the highest common factor of 4935 and j?
105
Let c(p) = -45*p + 1275. Let v be c(28). Calculate the highest common factor of 1815 and v.
15
Let n = -51 - -121. Let c be (12/(-5))/(26/(-2275)). Suppose -34*p = -36*p + c. What is the highest common divisor of p and n?
35
Let u = -76 - -77. Let i be (u - -13)*(-36)/(-2). Let l = 80 + -52. Calculate the greatest common divisor of i and l.
28
Suppose -2*b + 2*q + 5 = -1, 4*q + 4 = 0. Suppose b*m = 5*i + 268, -i + 2*i - 580 = -4*m. Calculate the highest common factor of 32 and m.
16
Suppose 4*j - 5*j + 2*n = -48, 0 = 5*j - 2*n - 208. What is the greatest common factor of j and 16?
8
Suppose -47*t - 10773 = -56*t. What is the greatest common factor of 855 and t?
171
Let i be 6/((1 - -3) + -2 - 3). Let v be 3/i - (0 + 55/(-10)). Calculate the greatest common factor of 25 and v.
5
Let w(q) = -3*q**3 + 14*q**2 + 2. Let z be w(4). Calculate the highest common divisor of 986 and z.
34
Let t be (0 + 1 - 328)*995/597. Let y = -541 - t. Calculate the highest common factor of 16 and y.
4
Let q be ((-8)/(-5))/(12/570). Suppose 2*z = -q + 84. Suppose -6*s = -z*s - 32. Calculate the highest common divisor of s and 56.
8
Suppose 43*d - 82*d + 1248 = 0. Suppose 0 = x - 2*x + v + 221, 5*x - v - 1117 = 0. What is the highest common factor of x and d?
32
Suppose 0 = -2*w - 2*w - 140. Let x = w + 23. Let p be x/(-8) + 2/8*-2. Calculate the greatest common divisor of p and 3.
1
Let t(b) = -b**3 - b + 5. Suppose 0 = 2*h - h. Let d be t(h). Suppose 3*x - 5*g = 34, 0 = -d*g - 13 - 12. What is the highest common divisor of x and 2?
1
Let z be (-7)/(-42) + (2635/30)/(-17). Let l be (-306)/(-45) - z/25. Calculate the greatest common divisor of l and 413.
7
Let a(k) = k**2 + 12*k. Let u(t) = -2*t**2 - 24*t + 2. Let d(c) = -11*a(c) - 6*u(c). Let g be d(-15). Calculate the highest common factor of g and 165.
33
Suppose -3028 = -5*l - 1065*q + 1062*q, -q - 1800 = -3*l. What is the greatest common factor of 688 and l?
86
Let v(k) = -12*k + 268. Let n be v(16). Let x be (-34)/(-8) - (-4)/(-16). Calculate the highest common factor of n and x.
4
Let d(s) = -s**3 + 3*s**2 + 13*s + 17. Let q be d(-7). Let w = 476 - q. Calculate the highest common divisor of w and 24.
12
Let d be (-540)/33*(-363)/66. Let r = -23 - -3. Let i be 3 + (-6 - -1) - r. What is the greatest common factor of d and i?
18
Suppose 5*n - 2*l - 1 = 0, -2 = -4*n - 0*l + l. Let b be 1*(-1 + 0) + n + 198. Let y be -3 - (1 + 110/(-5)). Calculate the greatest common factor of b and y.
18
Suppose 9*w - 350 = 217. Suppose -w*f - 62 = -64*f. Calculate the highest common factor of 155 and f.
31
Let k = -63 + 69. Let m(p) = -3*p + 27 - k*p + 6*p. Let z be m(-6). Calculate the highest common divisor of 18 and z.
9
Let z(c) = -2*c**2 + 27*c - 11. Let n be z(12). Let r be 12*(n/(-10) + 3). Suppose -f - r = -2*f. What is the highest common factor of f and 18?
6
Let l(c) = 2*c - 18*c - 20*c - c**3 + 40*c - c**2 - 84. Let b be l(-7). Calculate the greatest common factor of 14 and b.
14
Suppose -f - 7*f = -880. Let v = f + -119. Let b = v - -15. Calculate the highest common factor of 120 and b.
6
Let d = 1939 + -1908. What is the highest common factor of 775 and d?
31
Suppose -30 = 3*l + 7*l. Let u be 3/4*(-8)/l. Calculate the highest common factor of 4 and u.
2
Let m(r) = r**3 + 4*r**2 - 7*r - 10. Let p be m(-3). Let v(o) = -2*o**2 + 43*o - 48. Let d be v(p). What is the highest common divisor of d and 15?
3
Suppose 5*w - 959 = -4. Suppose 188*z + 264 = w*z. Calculate the highest common divisor of z and 33.
11
Let x = 32947 + -26721. Calculate the greatest common factor of 22 and x.
22
Let v(k) = 15*k - 3. Let q be v(3). Let o = -503 + 517. Suppose -314 = -5*t - w, 48 = t + w - o. What is the highest common factor of q and t?
21
Let n(v) = -2*v**2 - 5*v - 4. Let f be n(-6). Let l = 80 + f. Let u(q) = -35*q - 9. Let o be u(-9). Calculate the highest common factor of l and o.
34
Suppose -c - 34 = -3*c + 4*z, 5*c + 3*z - 46 = 0. Let i(f) = 19 + 7 + f**2 + 18 - 2*f - 24. Let l be i(-5). Calculate the highest common factor of c and l.
11
Let s be (-6)/60 - (-9254)/140. Calculate the highest common factor of 102 and s.
6
Suppose 3*n = 5*p + 138, 0 = -72*n + 76*n + 2*p - 132. What is the greatest common divisor of 6093 and n?
9
Suppose -g - 1794 = -4*g - 3*i, -2371 = -4*g + 3*i. Calculate the highest common factor of g and 1360.
85
Let n be 529 - (2 - (8 - -6) - -8). Calculate the highest common divisor of n and 82.
41
Let n = 133 + 401. Let p = 538 - n. What is the greatest common factor of 412 and p?
4
Let y(r) = 5*r**2 + 120*r - 25. Let s be y(-25). Calculate the highest common factor of 7100 and s.
100
Suppose l - 5*u + 3 = 0, -4*u + 84 = 6*l - 2*l. Let r(b) = -17*b + 162 - 164 + b**2 - 2*b**2. Let g be r(-10). Calculate the greatest common divisor of l and g.
17
Let s(a) = -a**3 + 14*a**2 + 32*a - 1. Let j be s(14). Suppose -j = 10*q + 503. Let w = -39 - q. What is the highest common divisor of 42 and w?
14
Suppose -3*i + s - 5*s = -248, -3*s = -5*i + 365. What is the highest common factor of 1216 and i?
76
Let h = 14933 + -14884. Calculate the highest common divisor of h and 7399.
49
Let n be ((-88)/(-6))/((-4)/(-3)). Suppose 0 = -6*c + 2*c + 2*f + 90, 5*c + f - 109 = 0. Calculate the highest common divisor of n and c.
11
Let k be 3 + (-282)/(-12)*46. Suppose -k = -24*i + 1748. Calculate the greatest common factor of 295 and i.
59
Let g = 516 - 469. Let z = -81 + 162. Let x = z - g. Calculate the highest common factor of 272 and x.
34
Let h = 28 + 120. Let u = -130 + h. Calculate the greatest common factor of u and 12.
6
Let x be (-3)/(-18) + -238*3/(-36). What is the greatest common divisor of x and 1810?
10
Let o be ((-78)/(-52))/((-2)/4 + 1). Suppose -l + 184 = -0*l - 4*q, -3*q - 570 = -o*l. Calculate the highest common divisor of 64 and l.
64
Let t = -9195 - -9239. Calculate the highest common factor of t and 2618.
22
Suppose y + 4*x - 1884 = -162, 0 = -y + 3*x + 1750. Calculate the highest common factor of 44 and y.
22
Suppose 1599 = 35*d + 52*d + 36*d. Calculate the greatest common divisor of 8203 and d.
13
Let i(x) = 8 - 16*x + 1 - 36*x - 5. Let y be i(-1). Let v be y/10 + 3/(-5). Calculate the highest common divisor of 1 and v.
1
Let w = -547 + 329. Let k be 6/4 + 0 + (-2289)/w. Calculate the greatest common divisor of 588 and k.
12
Suppose -256*s + 251*s - 39485 = -2*r, 3*r - 59290 = -5*s. What is the greatest common factor of 15 and r?
15
Suppose 97*d - 8715 = 47*d + 43*d. What is the highest common factor of 10 and d?
5
Suppose 152*d - 103*d = 1470. Calculate the greatest common divisor of 1090 and d.
10
Let h be -18*2/6*(-18)/12. Let f = h - -405. Calculate the highest common factor of 46 and f.
46
Let w(c) = 3*c**2 + 9*c + 16. Let v be w(-5). Let y = v - -18. What is the highest common divisor of y and 96?
32
Let r be (2/4)/((-1)/4). Suppose 78*h = 45*h + 1848. Let t be (-3*4/6)/(r/h). Calculate the greatest common divisor of 28 and t.
28
Suppo